{"id":719,"date":"2025-03-05T22:04:02","date_gmt":"2025-03-05T22:04:02","guid":{"rendered":"https:\/\/web.sporlcf.org\/?page_id=719"},"modified":"2025-11-06T15:35:04","modified_gmt":"2025-11-06T15:35:04","slug":"presidente","status":"publish","type":"page","link":"https:\/\/web.sporlcf.org\/index.php\/presidente\/","title":{"rendered":"PRESIDENTE"},"content":{"rendered":"\t\t<div data-elementor-type=\"wp-page\" data-elementor-id=\"719\" class=\"elementor elementor-719\" data-elementor-post-type=\"page\">\n\t\t\t\t<div class=\"elementor-element elementor-element-7cc8728 e-flex e-con-boxed e-con e-parent\" data-id=\"7cc8728\" data-element_type=\"container\">\n\t\t\t\t\t<div class=\"e-con-inner\">\n\t\t\t\t<div class=\"elementor-element elementor-element-a39c42b elementor-widget elementor-widget-image\" data-id=\"a39c42b\" data-element_type=\"widget\" data-widget_type=\"image.default\">\n\t\t\t\t<div class=\"elementor-widget-container\">\n\t\t\t\t\t\t\t\t\t\t\t\t\t\t\t<img fetchpriority=\"high\" decoding=\"async\" width=\"1024\" height=\"678\" src=\"https:\/\/web.sporlcf.org\/wp-content\/uploads\/2025\/03\/DSC_0881-1024x678.jpg\" class=\"attachment-large size-large wp-image-674\" alt=\"\" srcset=\"https:\/\/web.sporlcf.org\/wp-content\/uploads\/2025\/03\/DSC_0881-1024x678.jpg 1024w, https:\/\/web.sporlcf.org\/wp-content\/uploads\/2025\/03\/DSC_0881-300x199.jpg 300w, https:\/\/web.sporlcf.org\/wp-content\/uploads\/2025\/03\/DSC_0881-768x509.jpg 768w, https:\/\/web.sporlcf.org\/wp-content\/uploads\/2025\/03\/DSC_0881-1536x1017.jpg 1536w, https:\/\/web.sporlcf.org\/wp-content\/uploads\/2025\/03\/DSC_0881-2048x1356.jpg 2048w, https:\/\/web.sporlcf.org\/wp-content\/uploads\/2025\/03\/DSC_0881-150x100.jpg 150w, https:\/\/web.sporlcf.org\/wp-content\/uploads\/2025\/03\/DSC_0881-80x53.jpg 80w, https:\/\/web.sporlcf.org\/wp-content\/uploads\/2025\/03\/DSC_0881-360x238.jpg 360w, https:\/\/web.sporlcf.org\/wp-content\/uploads\/2025\/03\/DSC_0881-373x247.jpg 373w, https:\/\/web.sporlcf.org\/wp-content\/uploads\/2025\/03\/DSC_0881-620x411.jpg 620w, https:\/\/web.sporlcf.org\/wp-content\/uploads\/2025\/03\/DSC_0881-460x305.jpg 460w, https:\/\/web.sporlcf.org\/wp-content\/uploads\/2025\/03\/DSC_0881-365x242.jpg 365w\" sizes=\"(max-width: 1024px) 100vw, 1024px\" \/>\t\t\t\t\t\t\t\t\t\t\t\t\t\t\t<\/div>\n\t\t\t\t<\/div>\n\t\t\t\t<div class=\"elementor-element elementor-element-c7f07c1 elementor-widget elementor-widget-heading\" data-id=\"c7f07c1\" data-element_type=\"widget\" data-widget_type=\"heading.default\">\n\t\t\t\t<div class=\"elementor-widget-container\">\n\t\t\t\t\t<h4 class=\"elementor-heading-title elementor-size-default\">Miembros de la Junta Directiva de la Sociedad Peruana de Otorrinolaringolog\u00eda y Cirug\u00eda Facial en el per\u00edodo   2025 -2026\n<\/h4>\t\t\t\t<\/div>\n\t\t\t\t<\/div>\n\t\t\t\t<div class=\"elementor-element elementor-element-43d9254 elementor-widget-divider--view-line elementor-widget elementor-widget-divider\" data-id=\"43d9254\" data-element_type=\"widget\" data-widget_type=\"divider.default\">\n\t\t\t\t<div class=\"elementor-widget-container\">\n\t\t\t\t\t\t\t<div class=\"elementor-divider\">\n\t\t\t<span class=\"elementor-divider-separator\">\n\t\t\t\t\t\t<\/span>\n\t\t<\/div>\n\t\t\t\t\t\t<\/div>\n\t\t\t\t<\/div>\n\t\t\t\t\t<\/div>\n\t\t\t\t<\/div>\n\t\t<div class=\"elementor-element elementor-element-0d17b04 e-flex e-con-boxed e-con e-parent\" data-id=\"0d17b04\" data-element_type=\"container\">\n\t\t\t\t\t<div class=\"e-con-inner\">\n\t\t<div class=\"elementor-element elementor-element-5ee6365 e-con-full e-flex e-con e-child\" data-id=\"5ee6365\" data-element_type=\"container\">\n\t\t<div class=\"elementor-element elementor-element-09daecf e-con-full e-flex e-con e-child\" data-id=\"09daecf\" data-element_type=\"container\">\n\t\t\t\t<div class=\"elementor-element elementor-element-36266ec elementor-widget elementor-widget-image\" data-id=\"36266ec\" data-element_type=\"widget\" data-widget_type=\"image.default\">\n\t\t\t\t<div class=\"elementor-widget-container\">\n\t\t\t\t\t\t\t\t\t\t\t\t\t\t\t<img decoding=\"async\" width=\"682\" height=\"1024\" src=\"https:\/\/web.sporlcf.org\/wp-content\/uploads\/2025\/03\/Imagen-de-WhatsApp-2025-02-12-a-las-14.18.27_23f1c3f3-682x1024.jpg\" class=\"attachment-large size-large wp-image-721\" alt=\"\" srcset=\"https:\/\/web.sporlcf.org\/wp-content\/uploads\/2025\/03\/Imagen-de-WhatsApp-2025-02-12-a-las-14.18.27_23f1c3f3-682x1024.jpg 682w, https:\/\/web.sporlcf.org\/wp-content\/uploads\/2025\/03\/Imagen-de-WhatsApp-2025-02-12-a-las-14.18.27_23f1c3f3-200x300.jpg 200w, https:\/\/web.sporlcf.org\/wp-content\/uploads\/2025\/03\/Imagen-de-WhatsApp-2025-02-12-a-las-14.18.27_23f1c3f3-768x1153.jpg 768w, https:\/\/web.sporlcf.org\/wp-content\/uploads\/2025\/03\/Imagen-de-WhatsApp-2025-02-12-a-las-14.18.27_23f1c3f3-1023x1536.jpg 1023w, https:\/\/web.sporlcf.org\/wp-content\/uploads\/2025\/03\/Imagen-de-WhatsApp-2025-02-12-a-las-14.18.27_23f1c3f3-53x80.jpg 53w, https:\/\/web.sporlcf.org\/wp-content\/uploads\/2025\/03\/Imagen-de-WhatsApp-2025-02-12-a-las-14.18.27_23f1c3f3-360x540.jpg 360w, https:\/\/web.sporlcf.org\/wp-content\/uploads\/2025\/03\/Imagen-de-WhatsApp-2025-02-12-a-las-14.18.27_23f1c3f3-373x560.jpg 373w, https:\/\/web.sporlcf.org\/wp-content\/uploads\/2025\/03\/Imagen-de-WhatsApp-2025-02-12-a-las-14.18.27_23f1c3f3-620x931.jpg 620w, https:\/\/web.sporlcf.org\/wp-content\/uploads\/2025\/03\/Imagen-de-WhatsApp-2025-02-12-a-las-14.18.27_23f1c3f3-460x690.jpg 460w, https:\/\/web.sporlcf.org\/wp-content\/uploads\/2025\/03\/Imagen-de-WhatsApp-2025-02-12-a-las-14.18.27_23f1c3f3-365x548.jpg 365w, https:\/\/web.sporlcf.org\/wp-content\/uploads\/2025\/03\/Imagen-de-WhatsApp-2025-02-12-a-las-14.18.27_23f1c3f3-300x450.jpg 300w, https:\/\/web.sporlcf.org\/wp-content\/uploads\/2025\/03\/Imagen-de-WhatsApp-2025-02-12-a-las-14.18.27_23f1c3f3.jpg 1066w\" sizes=\"(max-width: 682px) 100vw, 682px\" \/>\t\t\t\t\t\t\t\t\t\t\t\t\t\t\t<\/div>\n\t\t\t\t<\/div>\n\t\t\t\t<\/div>\n\t\t<div class=\"elementor-element elementor-element-a2d29b3 e-con-full e-flex e-con e-child\" data-id=\"a2d29b3\" data-element_type=\"container\">\n\t\t\t\t<div class=\"elementor-element elementor-element-27b41f6 elementor-widget elementor-widget-text-editor\" data-id=\"27b41f6\" data-element_type=\"widget\" data-widget_type=\"text-editor.default\">\n\t\t\t\t<div class=\"elementor-widget-container\">\n\t\t\t\t\t\t\t\t\t<p>Estimados Colegas y Amigos de nuestra honorable comunidad otorrinolaringol\u00f3gica peruana.\u00a0 Antes de todo quiero agradecer la confianza puesta en nuestra junta directiva, la cual tengo el honor de presidir, para dirigir la Sociedad Peruana de Otorrinolaringolog\u00eda y Cirug\u00eda Facial en el per\u00edodo 2025 \u2013 2026.<\/p><p>Sera una misi\u00f3n dif\u00edcil la que tendremos que desarrollar con mucha dedicaci\u00f3n y creatividad para tratar de satisfacer las expectativas que se han generado en esta nueva gesti\u00f3n.<\/p><p>Debemos resaltar que el centro de nuestras prioridades es cada uno de ustedes, tanto en nuestra oferta acad\u00e9mica, como en aspectos gremiales que defiendan nuestra especialidad y tambi\u00e9n nuestra condici\u00f3n de m\u00e9dicos en general.<\/p><p>Daremos importancia a los aspectos \u00e9ticos en la especialidad para reforzar nuestra practica medica cotidiana como otorrinolaring\u00f3logos.<\/p><p>Nuestro plan de trabajo es ambicioso pero realista y para llevarlo a cabo siempre necesitaremos de ustedes.<\/p><p>Un punto fundamental ser\u00e1 mejorar el trabajo con nuestros hermanos de especialidad de las filiales del Norte y del Sur.<\/p><p>Convocamos a que todo otorrino peruano se decida unirse formalmente a SPORLYCF para hacerla m\u00e1s s\u00f3lida y pueda crecer m\u00e1s a nivel nacional e internacional. Y a los ya asociados, los invitamos a convertirse en titulares. Nuestra gesti\u00f3n tratara de dar las facilidades correspondientes.<\/p><p>Reforzaremos nuestros v\u00ednculos internacionales que puedan permitir un intercambio acad\u00e9mico positivo generando posibilidades como pasant\u00edas en hospitales importantes a nivel mundial<\/p><p>Para finalizar me remito al slogan que nos acompa\u00f1\u00f3 en nuestra candidatura y que refuerza la importancia que tiene cada miembro de esta honorable sociedad:<\/p><p><em>\u00a0<\/em><\/p><p><em>\u00a0 \u00a0 \u00a0 \u00a0 \u00a0 \u00a0 \u00a0 \u00a0 \u00a0 \u00a0 \u00a0 \u00a0 \u00a0 \u00a0 \u00a0 \u00a0 \u00a0 \u00a0 \u00a0 \u00a0 \u00a0 \u00a0 \u00a0 \u00a0 \u00a0 \u00a0 \u00a0 \u00a0 \u00a0 \u00a0 \u00a0 \u00a0 \u00a0 \u00a0 \u00a0\u201cAvanzando juntos, mejorando siempre\u201d<\/em><\/p><p><em>\u00a0<\/em><\/p><p><em style=\"color: var( --e-global-color-text ); font-family: var( --e-global-typography-text-font-family ), Sans-serif; font-weight: var( --e-global-typography-text-font-weight );\">\u00a0 \u00a0 \u00a0 \u00a0 \u00a0 \u00a0 \u00a0 \u00a0 \u00a0 \u00a0 \u00a0 \u00a0 \u00a0 \u00a0 \u00a0 \u00a0 \u00a0 \u00a0 \u00a0 \u00a0 \u00a0 \u00a0 \u00a0 \u00a0 \u00a0 \u00a0 \u00a0 \u00a0 \u00a0 \u00a0 \u00a0 \u00a0 \u00a0 \u00a0 \u00a0 \u00a0 \u00a0 \u00a0Dr. Jorge Antonio Centeno Huam\u00e1n<\/em><\/p><p><em>\u00a0 \u00a0 \u00a0 \u00a0 \u00a0 \u00a0 \u00a0 \u00a0 \u00a0 \u00a0 \u00a0 \u00a0 \u00a0 \u00a0 \u00a0 \u00a0 \u00a0 \u00a0 \u00a0 \u00a0 \u00a0 \u00a0 \u00a0 \u00a0 \u00a0 \u00a0 \u00a0 \u00a0 \u00a0 \u00a0 \u00a0 \u00a0 \u00a0 \u00a0 \u00a0 \u00a0 \u00a0 \u00a0 \u00a0 \u00a0 \u00a0 \u00a0 \u00a0 \u00a0 \u00a0 \u00a0 \u00a0 \u00a0 Presidente<\/em><\/p><p><em>\u00a0 \u00a0 \u00a0 \u00a0 \u00a0 \u00a0 \u00a0 \u00a0 \u00a0 \u00a0 \u00a0 \u00a0 \u00a0 \u00a0 \u00a0 \u00a0 \u00a0 \u00a0 \u00a0 \u00a0 \u00a0 \u00a0 \u00a0 \u00a0 \u00a0 \u00a0 \u00a0 \u00a0 \u00a0 \u00a0 \u00a0 \u00a0 \u00a0 \u00a0 \u00a0 \u00a0 \u00a0 \u00a0 \u00a0 \u00a0 \u00a0 \u00a0 \u00a0 \u00a0 \u00a0 \u00a0 \u00a0 \u00a0 \u00a0<\/em><\/p><div class=\"host-lopnbnfpjmgpbppclhclehhgafnifija\" style=\"position: relative; z-index: 2147483647;\">\u00a0<\/div>\t\t\t\t\t\t\t\t<\/div>\n\t\t\t\t<\/div>\n\t\t\t\t<\/div>\n\t\t\t\t<\/div>\n\t\t\t\t\t<\/div>\n\t\t\t\t<\/div>\n\t\t\t\t<\/div>\n\t\t","protected":false},"excerpt":{"rendered":"<p class=\"tx-excerpt\">Miembros de la Junta Directiva de la Sociedad Peruana de Otorrinolaringolog\u00eda y Cirug\u00eda Facial en el per\u00edodo 2025 -2026 Estimados Colegas y Amigos de nuestra honorable comunidad otorrinolaringol\u00f3gica peruana.\u00a0 Antes de todo quiero","protected":false},"author":1,"featured_media":0,"parent":0,"menu_order":0,"comment_status":"closed","ping_status":"closed","template":"","meta":{"footnotes":""},"class_list":["post-719","page","type-page","status-publish","hentry"],"_links":{"self":[{"href":"https:\/\/web.sporlcf.org\/index.php\/wp-json\/wp\/v2\/pages\/719","targetHints":{"allow":["GET"]}}],"collection":[{"href":"https:\/\/web.sporlcf.org\/index.php\/wp-json\/wp\/v2\/pages"}],"about":[{"href":"https:\/\/web.sporlcf.org\/index.php\/wp-json\/wp\/v2\/types\/page"}],"author":[{"embeddable":true,"href":"https:\/\/web.sporlcf.org\/index.php\/wp-json\/wp\/v2\/users\/1"}],"replies":[{"embeddable":true,"href":"https:\/\/web.sporlcf.org\/index.php\/wp-json\/wp\/v2\/comments?post=719"}],"version-history":[{"count":13,"href":"https:\/\/web.sporlcf.org\/index.php\/wp-json\/wp\/v2\/pages\/719\/revisions"}],"predecessor-version":[{"id":1180,"href":"https:\/\/web.sporlcf.org\/index.php\/wp-json\/wp\/v2\/pages\/719\/revisions\/1180"}],"wp:attachment":[{"href":"https:\/\/web.sporlcf.org\/index.php\/wp-json\/wp\/v2\/media?parent=719"}],"curies":[{"name":"wp","href":"https:\/\/api.w.org\/{rel}","templated":true}]}}

<div data-elementor-type="wp-page" data-elementor-id="719" class="elementor elementor-719" data-elementor-post-type="page">
				<div class="elementor-element elementor-element-7cc8728 e-flex e-con-boxed e-con e-parent" data-id="7cc8728" data-element_type="container">
					<div class="e-con-inner">
				<div class="elementor-element elementor-element-a39c42b elementor-widget elementor-widget-image" data-id="a39c42b" data-element_type="widget" data-widget_type="image.default">
				<div class="elementor-widget-container">
															<img fetchpriority="high" decoding="async" width="1024" height="678" src="https://web.sporlcf.org/wp-content/uploads/2025/03/DSC_0881-1024x678.jpg" class="attachment-large size-large wp-image-674" alt="" srcset="https://web.sporlcf.org/wp-content/uploads/2025/03/DSC_0881-1024x678.jpg 1024w, https://web.sporlcf.org/wp-content/uploads/2025/03/DSC_0881-300x199.jpg 300w, https://web.sporlcf.org/wp-content/uploads/2025/03/DSC_0881-768x509.jpg 768w, https://web.sporlcf.org/wp-content/uploads/2025/03/DSC_0881-1536x1017.jpg 1536w, https://web.sporlcf.org/wp-content/uploads/2025/03/DSC_0881-2048x1356.jpg 2048w, https://web.sporlcf.org/wp-content/uploads/2025/03/DSC_0881-150x100.jpg 150w, https://web.sporlcf.org/wp-content/uploads/2025/03/DSC_0881-80x53.jpg 80w, https://web.sporlcf.org/wp-content/uploads/2025/03/DSC_0881-360x238.jpg 360w, https://web.sporlcf.org/wp-content/uploads/2025/03/DSC_0881-373x247.jpg 373w, https://web.sporlcf.org/wp-content/uploads/2025/03/DSC_0881-620x411.jpg 620w, https://web.sporlcf.org/wp-content/uploads/2025/03/DSC_0881-460x305.jpg 460w, https://web.sporlcf.org/wp-content/uploads/2025/03/DSC_0881-365x242.jpg 365w" sizes="(max-width: 1024px) 100vw, 1024px" />															</div>
				</div>
				<div class="elementor-element elementor-element-c7f07c1 elementor-widget elementor-widget-heading" data-id="c7f07c1" data-element_type="widget" data-widget_type="heading.default">
				<div class="elementor-widget-container">
					<h4 class="elementor-heading-title elementor-size-default">Miembros de la Junta Directiva de la Sociedad Peruana de Otorrinolaringología y Cirugía Facial en el período   2025 -2026
</h4>				</div>
				</div>
				<div class="elementor-element elementor-element-43d9254 elementor-widget-divider--view-line elementor-widget elementor-widget-divider" data-id="43d9254" data-element_type="widget" data-widget_type="divider.default">
				<div class="elementor-widget-container">
							<div class="elementor-divider">
			<span class="elementor-divider-separator">
						</span>
		</div>
						</div>
				</div>
					</div>
				</div>
		<div class="elementor-element elementor-element-0d17b04 e-flex e-con-boxed e-con e-parent" data-id="0d17b04" data-element_type="container">
					<div class="e-con-inner">
		<div class="elementor-element elementor-element-5ee6365 e-con-full e-flex e-con e-child" data-id="5ee6365" data-element_type="container">
		<div class="elementor-element elementor-element-09daecf e-con-full e-flex e-con e-child" data-id="09daecf" data-element_type="container">
				<div class="elementor-element elementor-element-36266ec elementor-widget elementor-widget-image" data-id="36266ec" data-element_type="widget" data-widget_type="image.default">
				<div class="elementor-widget-container">
															<img decoding="async" width="682" height="1024" src="https://web.sporlcf.org/wp-content/uploads/2025/03/Imagen-de-WhatsApp-2025-02-12-a-las-14.18.27_23f1c3f3-682x1024.jpg" class="attachment-large size-large wp-image-721" alt="" srcset="https://web.sporlcf.org/wp-content/uploads/2025/03/Imagen-de-WhatsApp-2025-02-12-a-las-14.18.27_23f1c3f3-682x1024.jpg 682w, https://web.sporlcf.org/wp-content/uploads/2025/03/Imagen-de-WhatsApp-2025-02-12-a-las-14.18.27_23f1c3f3-200x300.jpg 200w, https://web.sporlcf.org/wp-content/uploads/2025/03/Imagen-de-WhatsApp-2025-02-12-a-las-14.18.27_23f1c3f3-768x1153.jpg 768w, https://web.sporlcf.org/wp-content/uploads/2025/03/Imagen-de-WhatsApp-2025-02-12-a-las-14.18.27_23f1c3f3-1023x1536.jpg 1023w, https://web.sporlcf.org/wp-content/uploads/2025/03/Imagen-de-WhatsApp-2025-02-12-a-las-14.18.27_23f1c3f3-53x80.jpg 53w, https://web.sporlcf.org/wp-content/uploads/2025/03/Imagen-de-WhatsApp-2025-02-12-a-las-14.18.27_23f1c3f3-360x540.jpg 360w, https://web.sporlcf.org/wp-content/uploads/2025/03/Imagen-de-WhatsApp-2025-02-12-a-las-14.18.27_23f1c3f3-373x560.jpg 373w, https://web.sporlcf.org/wp-content/uploads/2025/03/Imagen-de-WhatsApp-2025-02-12-a-las-14.18.27_23f1c3f3-620x931.jpg 620w, https://web.sporlcf.org/wp-content/uploads/2025/03/Imagen-de-WhatsApp-2025-02-12-a-las-14.18.27_23f1c3f3-460x690.jpg 460w, https://web.sporlcf.org/wp-content/uploads/2025/03/Imagen-de-WhatsApp-2025-02-12-a-las-14.18.27_23f1c3f3-365x548.jpg 365w, https://web.sporlcf.org/wp-content/uploads/2025/03/Imagen-de-WhatsApp-2025-02-12-a-las-14.18.27_23f1c3f3-300x450.jpg 300w, https://web.sporlcf.org/wp-content/uploads/2025/03/Imagen-de-WhatsApp-2025-02-12-a-las-14.18.27_23f1c3f3.jpg 1066w" sizes="(max-width: 682px) 100vw, 682px" />															</div>
				</div>
				</div>
		<div class="elementor-element elementor-element-a2d29b3 e-con-full e-flex e-con e-child" data-id="a2d29b3" data-element_type="container">
				<div class="elementor-element elementor-element-27b41f6 elementor-widget elementor-widget-text-editor" data-id="27b41f6" data-element_type="widget" data-widget_type="text-editor.default">
				<div class="elementor-widget-container">
									<p>Estimados Colegas y Amigos de nuestra honorable comunidad otorrinolaringológica peruana.  Antes de todo quiero agradecer la confianza puesta en nuestra junta directiva, la cual tengo el honor de presidir, para dirigir la Sociedad Peruana de Otorrinolaringología y Cirugía Facial en el período 2025 – 2026.</p><p>Sera una misión difícil la que tendremos que desarrollar con mucha dedicación y creatividad para tratar de satisfacer las expectativas que se han generado en esta nueva gestión.</p><p>Debemos resaltar que el centro de nuestras prioridades es cada uno de ustedes, tanto en nuestra oferta académica, como en aspectos gremiales que defiendan nuestra especialidad y también nuestra condición de médicos en general.</p><p>Daremos importancia a los aspectos éticos en la especialidad para reforzar nuestra practica medica cotidiana como otorrinolaringólogos.</p><p>Nuestro plan de trabajo es ambicioso pero realista y para llevarlo a cabo siempre necesitaremos de ustedes.</p><p>Un punto fundamental será mejorar el trabajo con nuestros hermanos de especialidad de las filiales del Norte y del Sur.</p><p>Convocamos a que todo otorrino peruano se decida unirse formalmente a SPORLYCF para hacerla más sólida y pueda crecer más a nivel nacional e internacional. Y a los ya asociados, los invitamos a convertirse en titulares. Nuestra gestión tratara de dar las facilidades correspondientes.</p><p>Reforzaremos nuestros vínculos internacionales que puedan permitir un intercambio académico positivo generando posibilidades como pasantías en hospitales importantes a nivel mundial</p><p>Para finalizar me remito al slogan que nos acompañó en nuestra candidatura y que refuerza la importancia que tiene cada miembro de esta honorable sociedad:</p><p><em> </em></p><p><em>                                                                     “Avanzando juntos, mejorando siempre”</em></p><p><em> </em></p><p><em style="color: var( --e-global-color-text ); font-family: var( --e-global-typography-text-font-family ), Sans-serif; font-weight: var( --e-global-typography-text-font-weight );">                                                                           Dr. Jorge Antonio Centeno Huamán</em></p><p><em>                                                                                                Presidente</em></p><p><em>                                                                                                 </em></p><div class="host-lopnbnfpjmgpbppclhclehhgafnifija" style="position: relative; z-index: 2147483647;"> </div>								</div>
				</div>
				</div>
				</div>
					</div>
				</div>
				</div>

<p class="tx-excerpt">Miembros de la Junta Directiva de la Sociedad Peruana de Otorrinolaringología y Cirugía Facial en el período 2025 -2026 Estimados Colegas y Amigos de nuestra honorable comunidad otorrinolaringológica peruana.  Antes de todo quiero
